 + -32
42
(-37 - ((-1 - 12) + -236 + 234)) + 13
-9
What is 80 - (-228 + 232 - (17 + -2 + 4))?
95
Evaluate -12 + -39 + 73 + -171 + 20.
-129
What is 23 + -7 + (540 - 532) + (-69 - 0)?
-45
Calculate -9098 + 9010 + 50 + 2.
-36
What is the value of (6 + -15 - 18) + (-10 - (-18 - -9)) + 6?
-22
What is 51 + -55 - -5 - 13?
-12
29 - (-76 + 41 + 127)
-63
Calculate -38 + 65 - 18 - (3 + 33 + 3).
-30
Calculate -46 + -2 - (50 - (58 + (-45 - -36))).
-49
What is (26 - -95) + (-47 - 10)?
64
22 + 74 + -93 + -15
-12
What is -10 + (-35 - (-1 - 16) - (-15 - -6) - -9)?
-10
What is (1 - 5) + 1 + -8 + (125 - 37) + 9?
86
Calculate 26 + (-22 - (-20 - 8)) + (-2 - 2).
28
Evaluate -14 - -17 - ((-9 - -2 - -10) + 4).
-4
Calculate (-21 - -12) + (-52 - (8 - (22 - (3 + 4)))).
-54
Calculate (-2 - (-29 + 26)) + 27 + -96.
-68
Calculate (-2 - ((-1 - -3) + (-69 - -74))) + 35.
26
What is (-1 - -3) + -9 + 14 + -136 + 37 + 20?
-72
What is -11 - (8 + -6 - (41 - 41))?
-13
What is the value of (-19 - ((-9 - -17) + -31)) + 6?
10
(-7 - (-40 + 21 - (0 - 5))) + -50
-43
What is 26 - -33 - 62 - -44?
41
Calculate 16 + (157 - 143 - (1 - -30)) - (0 - -19).
-20
Evaluate -77 + -3 + -524 + 658.
54
What is the value of -41 + 1 + (9 - (13 - 16)) + -15 + -5?
-48
What is the value of 58 + (-11 - (10 + -41 + 19))?
59
(4 - 0) + -9 + 276 + -221
50
-23 + (-2 - -21) + 26
22
Evaluate (-7 - (37 + 29)) + 29 - -61.
17
What is (47 - 55 - -41) + 4?
37
0 + (4 - -1 - (11 + (-29 - -22))) + 1
2
What is the value of -1 + 25 - (9747 - 9734)?
11
What is 19 + (119 - (13 - -39))?
86
43 - (-23 + (19 - 4 - -36))
15
(-8 - (-6 - -1)) + 6 + (49 - -10 - 1)
61
Evaluate 0 + 1 + -1 + (22 - (-28 + 65)).
-15
Evaluate -7317 - -7180 - (-1 - 50).
-86
-11 + 84 + (-322 - -225)
-24
Calculate -87 + -73 + 45 + (-4 - -35).
-84
What is the value of -39 + 17 + 0 - (7 + -4)?
-25
Evaluate 792 + -774 - (112 - -11).
-105
What is the value of 11 - (-9 + 19) - (-42 - (23 - -7))?
73
Evaluate -52 + 61 + 27 + 16.
52
What is the value of (-14 - (-12 - -35)) + 7 + 60?
30
What is the value of (-20 - 8) + 10 - 4 - (13 + -11 - -11)?
-35
Calculate -32 + 35 + (32 + -112 - 11).
-88
Evaluate -13 + (0 - (0 + -4)) + 25 + 8 + 27.
51
Evaluate (-1701 - -1705) + (-6 - -2 - 10).
-10
Evaluate (9839 - 9972) + (28 - -1 - -3).
-101
-10 - (-58 + 101 - -31)
-84
What is 104 + -95 + 3 + (-136 - 7)?
-131
Evaluate (2 - -13 - (97 + -100)) + -6 + 1 - 1.
12
Calculate 10 + -38 + 19 - (50 + (-3 - -6) - 1).
-61
What is the value of 72 - (-10 - (-8 - 42) - 16)?
48
What is the value of (-10 - 78 - (8 - -8 - -1)) + (13 - 1)?
-93
What is 4 - -25 - (-17 - 27)?
73
Evaluate -4 - (-85 - 6) - 7 - (-7 + 7).
80
What is 111 + -111 + 98 - 142?
-44
54 - ((1 - 1) + (21 - -4 - 16))
45
Evaluate -141 + -12 + (-15 - -54) + (15 - (3 - 2)).
-100
Calculate 4 - (0 - 64 - (769 - 766)).
71
Calculate 29 - (-16 + 9 + -4).
40
What is the value of -6 + (2 - (10 - (11 - -2)) - 3)?
-4
Calculate -97 - -29 - -78 - (-2 - (-12 + -1)).
-1
What is the value of (-12 - 148) + (79 - 27)?
-108
What is (-9 - 0) + -62 + 8 + -4 + 18?
-49
What is the value of 3 + -67 + -15 + (-16 - (-9 - 18) - -13)?
-55
(50 - 29) + -56 + (5 - -18)
-12
Calculate -13 - -22 - 53 - -51.
7
Evaluate 429 + 160 + -585 - (1 - (-1 + 29 + 1)).
32
77 - 2 - (7861 - 7684)
-102
What is the value of -22 + -34 - 6 - 0?
-62
Evaluate (194 + -120 - 26) + 1 + (-13 - 0).
36
1 + (-1 + 88 - 2) + (27 - 10)
103
12 - (6 + -2 + -439 + 447)
0
What is (-5 - 1) + -100 + 89 - -10 - 9?
-16
(-3238 - -3229) + (4 + 1 - 4 - 112)
-120
What is the value of -29 - -1 - ((-67 + 22 - -20) + 21)?
-24
Evaluate -24 + -17 - -32 - (-1 - 4) - -73.
69
-23 + (66 - 27) - (34 + -3)
-15
What is -46 + (-8 + 22 + -28 - (-3 - 1))?
-56
53 - (20 - -17 - 22)
38
What is 156 + 31 + -192 - (3 + 0)?
-8
-31 + 9 + (23 - (84 - 15))
-68
Evaluate (-23 - (-20 - -75 - 22)) + (3 - -5).
-48
Evaluate (-8 - (-10 + -78)) + -83.
-3
What is the value of 32 - (8 + 4 + -10 + -8)?
38
Calculate -15 + 1 + (49 - 109).
-74
What is 129 - (32 + -34 - -134)?
-3
What is 5 + -10 + 24 + 1 + -41?
-21
What is the value of -111 - (-103 + 106 + (-7 - (-1 - 0)))?
-108
What is the value of -43 - (-55 - (49 + -2 + -3))?
56
(-1 - -100) + 2529 + -2585
43
Evaluate -2 + 3 - (-162 - -174 - (-2 - -20)).
7
Calculate (21 - ((14 - -13) + -12)) + 2 + -36 + -1.
-29
(-12 - 1) + 2 + (646 - 756)
-121
-18 - (-14 + 10 + -20 + -5)
11
Calculate -61 + (22 - 8) - -67.
20
57 - ((15 - 58) + 31 + 6)
63
Calculate -7 - (-10 + (-6 - (-8 + 2) - -1) + 37).
-35
What is 3 + 6 - -7 - 1 - (17 + 25)?
-27
What is -6 - (5 - 30) - 27 - (2 + 27 + 3)?
-40
What is the value of 1597 + -1644 - (-2 - 16)?
-29
(-90 - -77) + (-4 - (3 - 27)) + 93
100
22 - (8 + 8) - -3 - (3 + (-12 - -88))
-70
What is the value of 67 + (-47 - (-49 + 132))?
-63
Calculate 13 + (16 + -8 + 14 - 69).
-34
Calculate (35 - 7) + (6 - -35 - 58).
11
What is 16 - (-114 - -93 - (-2 + 15))?
50
What is (83 - -1) + -2 + -7?
75
Evaluate (-8 - ((-14 + -9 - -6) + 9)) + (-3 - 51).
-54
What is the value of -1 - (1 - 0) - (133 + (-175 - -29))?
11
Calculate 2 + 24 + 1 + -108 + 100 + -24 + 40.
35
(-37 - 24) + (-191 - -188)
-64
What is -23 + 12 + 14 - 9 - 48?
-54
Calculate 6 - 3 - ((-36 + 46 - 11) + 2 + 1).
1
Calculate (23 - (-15 - -31)) + -18 + 1 - (1 - -18).
-29
Calculate -11 - (75 - (58 + -8)).
-36
Calculate 853 + -917 - ((0 - -2) + -5 - (2 - -1)).
-58
What is the value of -3 + 12 + (34 - 84 - -18)?
-23
Calculate (-2 - 5) + -24 + 8 + 11 + 1.
-11
49 + (1 + -10 + -7 + 8 - -11) + -14
38
-33 - (-62 - (-65 + -67))
-103
What is -2 - (75 + -30 - 33)?
-14
Calculate 1 + -5 + 53 + -2 + 1 + -1 + 9.
56
What is the value of -105 - (-97 - (99 - 177))?
-86
Calculate (-55 - (-23 + -18)) + -7.
-21
What is the value of -19 + (-37 - -20 - (-15 - -5) - -12)?
-14
What is the value of -39 + -3 + -5 - (213 + -228)?
-32
Calculate 36 - (-8 + 12 - 2 - -5) - -7.
36
-18 - ((-2 - -5) + 13 + -15 + -3 + 3)
-19
What is (5 - -10 - 17) + (5 + -12 + 7 - -18)?
16
Evaluate 66 - (190 + -130) - (-2 - 1 - -1).
8
What is 64 + (-15 - (-11 + 18 + -19))?
61
-164 + (335 - 177) + (6 - 1)
-1
Calculate (0 + -1 - -3 - 13) + (871 - 869).
-9
(-12 - (33 - (-1 - -21))) + 79
54
Evaluate 19 - ((-2 - -7) + -191 + 189).
16
What is the value of (252 - 258) + (-9 - -14)?
-1
What is 17 + (0 - -3) + 0 + 46 + -44?
22
What is 10 - (-14 + 23 - 15) - -25?
41
Evaluate -34 - (2 - 59) - (-39 - -7).
55
What is 0 - -1 - (7 - ((-169 - -154) + (13 - -1)))?
-7
What is the value of 32 + (-20 - (-27 - (17 - 26)))?
30
What is the value of (0 + 3 - 11) + -131 + 184 + -105?
-60
Calculate -43 - (17 + (8 - (13 - -11))).
-44
What is (12 + -65 + -8 - 13) + -5?
-79
Calculate -4 + -24 + 21 + 9 + 17 + -43.
-24
(-1724 - -1678) + (5 + 0 - (1 + -4)) + 0
-38
What is the value of 80 + 21 + -44 - 0?
57
Calculate 1 - (-5 + 9 + -1) - (170 + -217).
45
Evaluate (25 + -1 - (62 - 53)) + (-9 - -10 - 4).
12
Calculate (1 - 46) + (5 + -2 + -22 - -10) + 18.
-36
Calculate (-121 - (-67 + 8)) + 27.
-35
Calculate 97 - ((-5 - -3) + 2 - (-367 + 369)).
99
What is -25 + (2 - (13 + -6 + 3 - 14))?
-19
What is 14 + (-38 - 26) + -5 + 2 + (0 - 2)?
-55
0 + 11 - (-47 - (54 + -25 - 17))
70
What is the value of -49 + (88 - 43 - 79)?
-83
Evaluate (-272 - -191) + (-3 - -20) + 6.
-58
What is the value of 85 + 12 + -52 + -19?
26
What is the value of 16 - (9 - (-31 + 16)) - -8 - (0 - 88)?
88
Calculate 11 + 6 + -13 - ((-16 - 40) + 40).
20
Evaluate (-35 - -49) + (-42 - -83).
55
Evaluate 91 - (45 + -120 - -36).
130
Evaluate -124 - (1 + 23 + -93 + (121 - 61)).
-115
Calculate (8 - 11 - (-4 - (-2 + 1))) + (2 - -2).
4
What is 7 - ((-2 - 39) + 53 - 4)?
-1
What is the value of (-7 + -23 - -29) + (1 - -11) + -1?
10
-1 + 0 - ((26 - 17) + -35)
25
What is the value of (-2 + 7 - 13) + (38 + -145 - -95)?
-20
Evaluate 2 - 150 - ((55 - (147 + -57)) + 27 + -1).
-139
What is 560 + -582 - (1 - (19 + 3))?
-1
-8 + (-1 - -13) + 10 + -4 - 12 - -44
42
What is 30 - ((2 - (-2 + 14)) + (-68 - -90))?
18
What is the value of -46 - (6 - -20) - -36?
-36
1 + (1 + 1 - 1) - -84 - (486 - 487)
87
Calculate (-2 - -75) + (3538 - 3604).
7
31 - (80 + -64 + 12)
3
Evaluate (-1 - -14) + -8 + 12 + (43 - 77).
-17
Evaluate 1 + -3 + 2 + -20 + 9 + -35.
-46
What is (8 + (8 + -4 - 4) + -2 - 54) + 1?
-47
What is 36 - (7 - (105 - 63))?
71
Evaluate (1 - -3) + (-33 - 46 - -117) + 12.
54
Calculate